 What is the hundreds digit of u(9)?
1
Suppose -32*c = -28*c - 32. What is the tens digit of 450/c - (-23)/(-92)?
5
Let h be ((-4)/(-3))/(8/6 - 1). Suppose -h*r = 5*t - 144, -38 + 174 = 5*t - 4*r. What is the units digit of t?
8
Let o(p) = 5*p - 7. Let r(h) = -16*h + 20. Let b(z) = -17*o(z) - 6*r(z). What is the units digit of b(3)?
2
What is the units digit of (-50)/4*(3696/(-55) + -4)?
0
Let w be (-7)/2*(-3 + -45). Suppose o - w = -o. Suppose n + 5*b - 4 = 0, 3*b - o = -0*n - 4*n. What is the units digit of n?
4
What is the units digit of -1428*(2 + 2 - (-112)/(-24))?
2
Let k = -29 + -102. Let o = -35 - k. What is the tens digit of o?
9
Suppose -3*a - 5*t = -1435, -2429 = -5*a + 4*t - 3*t. Suppose 0 = -n - 2*c + 111 - 9, -5*n - 5*c = -a. Suppose 2*d = 66 + n. What is the tens digit of d?
7
Let t(w) = -10*w**3 + 2*w**2 + 8*w + 10. What is the hundreds digit of t(-3)?
2
Suppose 0 = 5*b, 5*w - 3*b - 17 - 38 = 0. Suppose -a + w + 129 = 0. What is the tens digit of a?
4
Suppose 598 = 3*x + 5*b, -2*x = 2*b + 3*b - 407. What is the hundreds digit of x?
1
Let u(c) = c**3 - 5*c**2 + 4*c + 2. Let n be u(4). Let p be n/8 - 42/(-24). Suppose 4*h - 2*h + 119 = 5*i, p*i - 65 = -5*h. What is the units digit of i?
5
What is the thousands digit of 7*6/(-147)*-6447?
1
Let j(o) = 7*o - 47. Let c be j(5). Suppose 0 = -0*g + 3*g - 138. Let n = g + c. What is the tens digit of n?
3
Let x(b) = 4*b**2 - 3*b - 3. Let r be x(-3). Let q = r - -7. Let o = -24 + q. What is the units digit of o?
5
Let h(d) = -49*d - 124. What is the units digit of h(-25)?
1
Let i(z) = -z**2 - 2*z + 14. Let f be i(10). Let m = f - -165. What is the tens digit of m?
5
Suppose 0 = -2*t + 4*n + 688, t + n + 4*n - 316 = 0. Suppose 0 = -w + 5*w - t. What is the tens digit of w?
8
Suppose -5*r - 1612 = -9*r + 4*u, 3*r = -u + 1201. What is the tens digit of r?
0
Let u(g) = 6*g**2 - 2*g. Let k be u(2). Let s = 5 + -1. Suppose k = s*v - 3*v. What is the units digit of v?
0
Let u(i) = -8*i - 30. Let r be u(-11). Suppose -r = -s + 21. What is the tens digit of s?
7
What is the tens digit of ((-63)/(-14) - 1)/(1/218)?
6
Let d(p) = p**3 - 5*p**2 + p + 2. Let q = 8 - 3. Let k be d(q). Suppose -4*f = -k - 9. What is the units digit of f?
4
Let h = 2069 - 1474. What is the tens digit of h?
9
Let h(x) = 10*x**2 + 14*x + 138. What is the tens digit of h(-10)?
9
Let i be 66 - (-5 - -6 - -1). Let l = i - 60. What is the units digit of l?
4
Let q(r) = 3*r**2 + 54*r - 21. Let d be q(-18). Let m(x) = x**3 + 21*x**2 - 4*x - 1. What is the tens digit of m(d)?
8
Suppose 35 - 110 = -5*t. Let g = 32 - t. What is the units digit of g?
7
What is the hundreds digit of (1 - -386)/(-5 + 6)?
3
Let r = 190 - -82. What is the tens digit of r?
7
Suppose 355*p = 357*p - 3386. What is the hundreds digit of p?
6
Let z(m) = m**2 + 7*m - 352. What is the tens digit of z(27)?
6
Let d be 8/(-10) - (-38)/10*1. What is the units digit of 3*(1 + -4 + 11/d)?
2
Let f(i) be the third derivative of -i**4/12 + 2*i**3/3 + 7*i**2. What is the units digit of f(-2)?
8
Suppose 2*t = 6, 8*t = -4*y + 5*t + 8885. What is the hundreds digit of y?
2
Let q(l) = 9*l**2 - 2*l + 30. What is the units digit of q(10)?
0
Let z be -4*(0 - -2)/(-2). Suppose -50 = -p + z*i, -p - 4*p + i + 212 = 0. What is the units digit of (2/3)/(4/p)?
7
Let m = 325 - 231. Let j = 279 - m. What is the hundreds digit of j?
1
Let d(q) = -140*q - 234. What is the tens digit of d(-15)?
6
Let y(o) = -2*o**2 - 87*o + 7. What is the units digit of y(-42)?
3
Let y(j) = -j**2 - 15*j. Let h be 2 - 14 - 4/(-2). What is the tens digit of y(h)?
5
Let s = -10 + 14. Suppose 9 = -4*x + 5*q, x + s*q = 6*x. Suppose -2*f = u - 31, 0*f = 2*u - x*f - 54. What is the units digit of u?
9
Let z(o) = -2*o**3 + o. Let c be z(1). What is the units digit of c/3 - 344/(-6)?
7
Let f(c) = 27*c**2 - c - 10. What is the tens digit of f(2)?
9
Suppose z - g + 6 - 2 = 0, -2*g + 8 = 0. Let x be (z/3)/(-1) + 72. Suppose -16 + 49 = 2*i - b, -3*i - 3*b + x = 0. What is the tens digit of i?
1
Let w(c) = 2*c**2 - 7*c - 5. Suppose 14*o = 15*o - 9. Let f be w(o). Suppose -5*t + b + 103 = 0, -2*t + 7*t = -2*b + f. What is the units digit of t?
0
Let r be (-1 - 10)*(-11 - -10). Let s be r/(2*3/(-18)). Let v = s + 62. What is the units digit of v?
9
Suppose -3*o - 3*x = -2037, 2*o = -36*x + 31*x + 1370. What is the tens digit of o?
7
Let x(b) = 3*b**3 - 15*b**2 - 15. What is the tens digit of x(12)?
0
Let c = 651 + -361. What is the hundreds digit of c?
2
Suppose 31*r + 22*r = 115222. What is the thousands digit of r?
2
Let t(p) = 5*p - 3. Let b be t(1). Let m(j) = 84*j - 2. What is the units digit of m(b)?
6
Suppose m - s = -2*m + 54, -4*m - 5*s + 72 = 0. Suppose -q + 3 = -1. Suppose -2*r + m = 2*v, r + 26 = 4*r + q*v. What is the units digit of r?
0
Let k = 40 - 61. Let s = k - -28. What is the units digit of s?
7
Suppose -2*v + 26 = 2*c - 0*v, 4*c + 2*v = 42. Suppose 4 = 4*n - 8. Suppose -145 = n*g - c*g. What is the units digit of g?
9
Suppose 5 = 3*b + 5*z, -3*b - 5*z + 5 = -6*b. Suppose b = -n - 5*s - 14, -5*s - 7 = 5*n - s. Let x = 4 + n. What is the units digit of x?
5
Let a(s) = -s**3 - 21*s**2 + 13*s + 51. What is the thousands digit of a(-24)?
1
Suppose -196140 = -14*k - 46*k. What is the thousands digit of k?
3
Let n be (-6)/(-8) + (-292)/(-16). Let u(w) = -w + 1. Let h be u(-1). Suppose 3*y + 52 = 4*a, -5 - n = -h*a + y. What is the units digit of a?
0
Suppose -7*z = -1010 - 3092. What is the tens digit of z?
8
Suppose a + j + 2 = 3*a, 3*j = -a + 8. Suppose p + q = 11, 0*p - a*p + q = -10. Suppose -p = -b - 1. What is the units digit of b?
6
Let u(q) = -6*q + 78. What is the tens digit of u(-24)?
2
Let o = -45 - -35. What is the tens digit of 15/o - -175*(-2)/(-4)?
8
Suppose 0 = -12*z + 539 + 7945. What is the tens digit of z?
0
Suppose -17037 = -13*i + 7988. Suppose -15*n + i = 245. What is the hundreds digit of n?
1
Let s(g) = g**3 - 5*g**2 + 3. Let y be s(5). Suppose -2*q + 69 = -y*w - 0*w, 3*w + 3 = 0. What is the tens digit of q?
3
Let h be (-4 - -2)/(2/2). Let f(a) = 10*a**2 - 4*a - 3. Let g be f(h). Suppose -5*o + 3*v + g = 0, -v - 19 = -3*o + o. What is the units digit of o?
2
What is the units digit of (-2 + 1 - -3) + 1221/3?
9
Let r = 628 - 13. What is the tens digit of r?
1
Let g(x) = 2*x + 13. Let t be g(-14). Let m be (-6)/(-4) + t/10. Suppose m = 2*q - 0 + 10, 5*b - 3*q - 250 = 0. What is the tens digit of b?
4
Let k be 5912/20 - 6/10 - 4. Suppose 2*c + 3*t - k = 0, 0*c + 695 = 5*c + t. What is the hundreds digit of c?
1
Let j(c) = -c**2 + 13*c + 5. Suppose -12*g + 7*g = -210. Let a be ((-44)/(-6))/(28/g). What is the tens digit of j(a)?
2
Let y(v) = -3*v + 24. Let s be y(8). What is the tens digit of -2 + 167 + s + (-8 - -5)?
6
Let u = -22 - -43. Let g = -12 + u. What is the units digit of g?
9
Suppose -16826 - 12368 = -11*m. What is the units digit of m?
4
Let r(x) = x**3 + 5*x**2 + 4*x - 5. Let o be r(-4). Let a(g) = 4*g**2 - 21*g + 2. Let n be a(6). Let s = o + n. What is the tens digit of s?
1
Let l(v) = -7 + 15*v + 0 - v**2 - 5 + 3. Let q be l(14). Suppose -q*d = -10*d + 10. What is the units digit of d?
2
Let c(z) = z + 2. Let b be c(-7). Let s(q) be the first derivative of -q**4/4 - 5*q**3/3 + 6*q - 3. What is the units digit of s(b)?
6
Let z = 1765 + -1012. What is the hundreds digit of z?
7
Suppose 14*y - 19*y - 2340 = 0. What is the units digit of y/(-45) - 9/(-15)?
1
Let j = 24 + -18. Let m(k) = 21*k + 3. Let l be m(3). Suppose 5*y - 2*y + g = l, -j = 2*g. What is the units digit of y?
3
Let g(m) = -14*m + 350. What is the hundreds digit of g(6)?
2
Suppose 0 = -4*x + 2*x + 10. Suppose 5*c + 43 = -3*y, 5*y = -4*c - c - 85. Let n = x - y. What is the units digit of n?
6
Let o be 5 + ((-9)/27 - (-10)/3). Suppose 0 = -13*t + o*t + 165. What is the units digit of t?
3
Let j(m) = 16*m**2 - m**2 - 5*m**2 - 9*m**2 + m. Let d be j(-1). Suppose d = -4*o + 6*o - 40. What is the units digit of o?
0
Suppose 0 = 4*q - 37 - 95. Let y = 20 + -39. Let x = q + y. What is the tens digit of x?
1
Let p = 380 + -189. What is the hundreds digit of p?
1
Let o = 469 - -667. What is the hundreds digit of o?
1
Let o(r) = 0*r - 7*r + 3*r + 5*r + 27. What is the units digit of o(-25)?
2
Suppose -25 - 17 = 